0?
False
Is 125 a factor of 236665?
False
Is 439 a factor of 36739?
False
Does 8 divide 54016?
True
Does 38 divide 423168?
True
Does 144 divide 155808?
True
Is 2 a factor of 38346?
True
Is 18 a factor of 534060?
True
Is 48 a factor of 848248?
False
Does 8 divide 659648?
True
Does 251 divide 23983803?
True
Does 144 divide 102849?
False
Does 42 divide 17449?
False
Does 44 divide 1013628?
True
Does 185 divide 2040365?
True
Is 646155 a multiple of 415?
True
Is 3370368 a multiple of 546?
False
Is 92235 a multiple of 15?
True
Is 13 a factor of 1530412?
True
Is 36 a factor of 3265920?
True
Does 46 divide 8258932?
True
Does 8 divide 202537?
False
Does 8 divide 30077?
False
Does 17 divide 732632?
True
Is 8 a factor of 403416?
True
Is 1598734 a multiple of 63?
False
Is 11320580 a multiple of 20?
True
Is 43 a factor of 360813?
True
Is 7672 a multiple of 2?
True
Is 421 a factor of 1018400?
False
Is 25 a factor of 204202?
False
Is 1568280 a multiple of 70?
True
Is 379 a factor of 152737?
True
Is 94 a factor of 71257?
False
Is 661048 a multiple of 339?
False
Is 96 a factor of 905952?
True
Is 142 a factor of 3731476?
True
Is 146 a factor of 65554?
True
Does 4 divide 479272?
True
Is 24271904 a multiple of 55?
False
Is 86 a factor of 10009554?
False
Is 12602756 a multiple of 59?
False
Is 1233486 a multiple of 153?
True
Is 20 a factor of 5814591?
False
Is 33880 a multiple of 14?
True
Is 183872 a multiple of 332?
False
Does 104 divide 54288?
True
Is 72952 a multiple of 22?
True
Is 1415 a factor of 3479195?
False
Is 202030 a multiple of 445?
True
Is 181 a factor of 594169?
False
Is 1468874 a multiple of 746?
True
Is 66930 a multiple of 5?
True
Is 9 a factor of 938907?
True
Is 64060 a multiple of 20?
True
Does 60 divide 105600?
True
Is 14 a factor of 8311566?
False
Does 25 divide 198350?
True
Does 8 divide 808072?
True
Is 963899 a multiple of 183?
False
Is 6244 a multiple of 25?
False
Does 7 divide 411323?
False
Does 44 divide 228718?
False
Is 20 a factor of 15293954?
False
Is 24 a factor of 2910574?
False
Does 14 divide 8924665?
False
Does 90 divide 899100?
True
Does 3 divide 2002147?
False
Is 1489 a factor of 15295626?
False
Does 8 divide 653840?
True
Is 19 a factor of 9652095?
True
Does 61 divide 1447347?
True
Does 64 divide 4226240?
True
Is 172 a factor of 1132962?
False
Does 42 divide 2745624?
True
Does 289 divide 135321?
False
Is 2565654 a multiple of 111?
True
Is 167318 a multiple of 311?
True
Is 19168 a multiple of 32?
True
Is 14699942 a multiple of 809?
False
Does 16 divide 448?
True
Is 544181 a multiple of 8?
False
Is 35913 a multiple of 123?
False
Does 15 divide 4871598?
False
Is 195097 a multiple of 23?
False
Is 110 a factor of 16881?
False
Is 3982155 a multiple of 15?
True
Is 153500 a multiple of 25?
True
Is 11 a factor of 834680?
True
Is 11 a factor of 1994367?
False
Is 25 a factor of 15468992?
False
Does 110 divide 48753?
False
Does 775 divide 14084075?
True
Does 69 divide 8318208?
False
Does 116 divide 461777?
False
Is 97 a factor of 109360?
False
Is 116 a factor of 10495105?
False
Is 1242880 a multiple of 160?
True
Does 671 divide 186132?
False
Is 45 a factor of 19570?
False
Is 41 a factor of 76137?
True
Does 85 divide 64455?
False
Is 959583 a multiple of 69?
True
Does 35 divide 60683?
False
Does 2 divide 72340?
True
Does 344 divide 163157?
False
Is 2591688 a multiple of 11?
True
Does 9 divide 5823?
True
Does 12 divide 1623948?
True
Is 1170703 a multiple of 46?
False
Does 42 divide 101766?
True
Is 36 a factor of 39168?
True
Is 1279912 a multiple of 3?
False
Is 3638 a multiple of 110?
False
Is 8 a factor of 478760?
True
Is 1831328 a multiple of 16?
True
Is 4109122 a multiple of 366?
False
Is 467368 a multiple of 376?
True
Is 10 a factor of 650774?
False
Does 326 divide 19585?
False
Does 62 divide 33159?
False
Does 286 divide 891176?
True
Does 6 divide 10678147?
False
Is 86 a factor of 1167210?
False
Does 4 divide 264735?
False
Is 170868 a multiple of 491?
True
Is 20 a factor of 2707836?
False
Is 23 a factor of 3541586?
True
Is 356980 a multiple of 26?
True
Is 85 a factor of 1932693?
False
Is 7966992 a multiple of 237?
True
Does 6 divide 905700?
True
Is 14 a factor of 41594?
True
Is 23 a factor of 761674?
False
Does 128 divide 120657?
False
Is 29 a factor of 495024?
False
Is 355434 a multiple of 112?
False
Does 10 divide 155900?
True
Is 49 a factor of 644791?
True
Does 6 divide 39403?
False
Is 845196 a multiple of 12?
True
Is 184040 a multiple of 40?
True
Is 97 a factor of 22129871?
True
Is 7415149 a multiple of 12?
False
Is 292 a factor of 210824?
True
Does 31 divide 5167549?
False
Is 9 a factor of 212758?
False
Is 222 a factor of 37740?
True
Is 304 a factor of 9975222?
False
Is 674508 a multiple of 264?
False
Is 67 a factor of 84113?
False
Is 115 a factor of 37452?
False
Is 1037389 a multiple of 131?
True
Is 11 a factor of 546420?
False
Does 157 divide 518728?
True
Does 120 divide 1092000?
True
Is 104 a factor of 143624?
True
Is 62127 a multiple of 2?
False
Does 157 divide 1237413?
False
Is 7 a factor of 609212?
False
Does 13 divide 1303021?
False
Does 6 divide 1776834?
True
Is 35991 a multiple of 27?
True
Is 10 a factor of 2563417?
False
Does 481 divide 925925?
True
Is 18 a factor of 134233?
False
Is 206323 a multiple of 74?
False
Is 143 a factor of 731016?
True
Does 390 divide 29372?
False
Does 419 divide 76585?
False
Is 312 a factor of 1242426?
False
Is 4988644 a multiple of 141?
False
Is 2 a factor of 600913?
False
Does 198 divide 7189380?
True
Is 49860 a multiple of 12?
True
Does 14 divide 10289552?
True
Does 32 divide 67191?
False
Is 64104 a multiple of 12?
True
Does 316 divide 1479678?
False
Is 25 a factor of 39400?
True
Is 243 a factor of 2908953?
True
Does 18 divide 6172902?
True
Is 3650508 a multiple of 171?
True
Is 509526 a multiple of 18?
True
Is 3504754 a multiple of 844?
False
Is 557 a factor of 1045489?
True
Is 23 a factor of 336145?
True
Does 478 divide 32177?
False
Is 108 a factor of 212652?
True
Is 149 a factor of 3092874?
False
Does 9 divide 4413429?
True
Is 7775476 a multiple of 37?
True
Is 88 a factor of 1341384?
True
Is 89 a factor of 465859?
False
Is 295568 a multiple of 25?
False
Is 517 a factor of 5311658?
True
Is 203 a factor of 2642857?
True
Does 70 divide 490503?
False
Does 427 divide 11183130?
True
Does 402 divide 210882?
False
Is 333 a factor of 1655645?
False
Is 5308509 a multiple of 45?
False
Does 16 divide 4417456?
True
Is 39 a factor of 7910955?
True
Is 368080 a multiple of 215?
True
Does 25 divide 11377536?
False
Is 1155558 a multiple of 34?
True
Does 1200 divide 3577804?
False
Does 41 divide 109457?
False
Is 500745 a multiple of 50?
False
Does 61 divide 1317844?
True
Is 3652 a multiple of 4?
True
Does 13 divide 90148?
False
Is 2369 a factor of 24530995?
True
Is 17 a factor of 3716642?
True
Is 8960 a multiple of 14?
True
Is 52 a factor of 601409?
False
Is 149769 a multiple of 43?
True
Does 93 divide 602499?
False
Is 92288 a multiple of 64?
True
Does 164 divide 4876048?
True
Is 154778 a multiple of 2?
True
Does 120 divide 38400?
True
Does 16 divide 65040?
True
Is 72315 a multiple of 15?
True
Does 101 divide 27068?
True
Is 329 a factor of 112189?
True
Is 2046 a multiple of 186?
True
Is 13924660 a multiple of 13?
False
Is 82 a factor of 1449842?
True
Is 48 a factor of 168683?
False
Is 92 a factor of 371496?
True
Does 20 divide 26913960?
True
Does 105 divide 1728090?
True
Does 51 divide 125697?
False
Does 6 divide 2891336?
False
Is 46 a factor of 1465860?
False
Is 123288 a multiple of 8?
True
Does 5 divide 97395?
True
Does 150 divide 76650?
True
Does 294 divide 107898?
True
Does 111 divide 2627047?
False
Is 6989197 a multiple of 259?
False
Is 4939685 a multiple of 1505?
False
Does 10 divide 1254280?
True
Is 1036994 a multiple of 36?
False
Is 47 a factor of 1216629?
False
Is 652596 a multiple of 12?
True
Is 1898305 a multiple of 52?
False
Is 720420 a multiple of 9?
False
Is 639 a factor of 17664516?
True
Is 608246 a multiple of 6?
False
Is 1525880 a multiple of 40?
True
Is 30159 a multiple of 247?
False
Is 32490 a multiple of 30?
True
Is 44 a factor of 21780?
True
Is 140 a factor of 84439?
False
Is 1745553 a multiple of 88?
False
Is 30 a factor of 2834940?
True
Is 57789 a multiple of 9?
True
Is 50786 a multiple o